millions digit of 11855343?
1
What is the hundred thousands digit of 1128014035?
0
What is the hundred thousands digit of 492663073?
6
What is the tens digit of 502412263?
6
What is the thousands digit of 347196044?
6
What is the units digit of 32614488?
8
What is the thousands digit of 919547166?
7
What is the hundred thousands digit of 29557229?
5
What is the millions digit of 4611528512?
1
What is the millions digit of 1088439077?
8
What is the hundreds digit of 41987509?
5
What is the ten millions digit of 29032751?
2
What is the ten millions digit of 14938895?
1
What is the tens digit of 46661424?
2
What is the millions digit of 11449049?
1
What is the units digit of 520086224?
4
What is the hundreds digit of 148718326?
3
What is the millions digit of 7448449664?
8
What is the hundreds digit of 4555268784?
7
What is the hundreds digit of 11023188?
1
What is the hundreds digit of 94783571?
5
What is the units digit of 20651769?
9
What is the hundred thousands digit of 30857493?
8
What is the units digit of 230317103?
3
What is the thousands digit of 762293229?
3
What is the ten thousands digit of 131404223?
0
What is the hundreds digit of 108115374?
3
What is the units digit of 14763882?
2
What is the hundreds digit of 3549722984?
9
What is the ten millions digit of 684920361?
8
What is the thousands digit of 454038848?
8
What is the ten thousands digit of 1793132216?
3
What is the millions digit of 1113746772?
3
What is the hundreds digit of 2894484?
4
What is the tens digit of 409582784?
8
What is the ten millions digit of 4365141025?
6
What is the thousands digit of 78595113?
5
What is the units digit of 278652734?
4
What is the units digit of 1214911994?
4
What is the ten thousands digit of 51183190?
8
What is the ten millions digit of 49133978?
4
What is the hundred millions digit of 573811315?
5
What is the hundreds digit of 875255270?
2
What is the hundreds digit of 217026079?
0
What is the ten millions digit of 2034127457?
3
What is the thousands digit of 169624009?
4
What is the thousands digit of 422396862?
6
What is the hundred millions digit of 114691712?
1
What is the units digit of 106663502?
2
What is the tens digit of 137672012?
1
What is the ten thousands digit of 4821700153?
0
What is the hundreds digit of 4598509?
5
What is the millions digit of 407791046?
7
What is the hundred millions digit of 690155385?
6
What is the hundreds digit of 7524790359?
3
What is the billions digit of 2147687410?
2
What is the ten millions digit of 136991937?
3
What is the units digit of 2087769568?
8
What is the thousands digit of 22605665?
5
What is the ten millions digit of 48609091?
4
What is the units digit of 143599807?
7
What is the tens digit of 6134813?
1
What is the ten thousands digit of 3365445?
6
What is the ten thousands digit of 71142750?
4
What is the hundreds digit of 1771541351?
3
What is the hundred thousands digit of 23146962?
1
What is the hundred millions digit of 161612957?
1
What is the ten thousands digit of 116477551?
7
What is the hundreds digit of 2103409612?
6
What is the millions digit of 212469769?
2
What is the ten millions digit of 2432582540?
3
What is the hundreds digit of 6919719?
7
What is the units digit of 209835103?
3
What is the ten millions digit of 420055286?
2
What is the units digit of 505737643?
3
What is the hundreds digit of 3572729480?
4
What is the ten millions digit of 435550509?
3
What is the millions digit of 34144088?
4
What is the tens digit of 156515053?
5
What is the billions digit of 2368128141?
2
What is the millions digit of 85511393?
5
What is the ten millions digit of 1036277993?
3
What is the units digit of 186567400?
0
What is the ten millions digit of 173816670?
7
What is the hundreds digit of 687352392?
3
What is the hundred thousands digit of 270258319?
2
What is the ten thousands digit of 177665772?
6
What is the tens digit of 30207782?
8
What is the hundreds digit of 1283281735?
7
What is the hundred thousands digit of 61077024?
0
What is the thousands digit of 113674228?
4
What is the millions digit of 1635045320?
5
What is the tens digit of 1312273067?
6
What is the units digit of 57502129?
9
What is the millions digit of 213662119?
3
What is the thousands digit of 60321483?
1
What is the units digit of 10400921?
1
What is the millions digit of 130626932?
0
What is the ten millions digit of 31145065?
3
What is the billions digit of 2038752120?
2
What is the millions digit of 856900336?
6
What is the thousands digit of 55917107?
7
What is the tens digit of 168985846?
4
What is the millions digit of 107853250?
7
What is the millions digit of 1439923799?
9
What is the hundreds digit of 4078367647?
6
What is the ten millions digit of 166486006?
6
What is the millions digit of 391958424?
1
What is the thousands digit of 19595405?
5
What is the ten thousands digit of 127426390?
2
What is the ten thousands digit of 501943573?
4
What is the ten millions digit of 38913356?
3
What is the tens digit of 8464949260?
6
What is the tens digit of 179554879?
7
What is the hundred thousands digit of 27326153?
3
What is the hundred millions digit of 118132064?
1
What is the hundred millions digit of 809974608?
8
What is the ten millions digit of 25665470?
2
What is the ten millions digit of 42206236?
4
What is the units digit of 42358081?
1
What is the ten millions digit of 33305224?
3
What is the ten thousands digit of 3931454?
3
What is the hundred millions digit of 825309079?
8
What is the billions digit of 1053124563?
1
What is the tens digit of 177174286?
8
What is the hundred millions digit of 496185035?
4
What is the hundreds digit of 40292039?
0
What is the hundred thousands digit of 10551160?
5
What is the hundred thousands digit of 64276672?
2
What is the ten thousands digit of 103948760?
4
What is the hundreds digit of 143578833?
8
What is the ten millions digit of 1385619122?
8
What is the hundred thousands digit of 931937662?
9
What is the millions digit of 229748719?
9
What is the thousands digit of 1141723433?
3
What is the ten thousands digit of 5487323?
8
What is the thousands digit of 4298407438?
7
What is the thousands digit of 852250100?
0
What is the units digit of 856113036?
6
What is the hundreds digit of 38008979?
9
What is the hundred thousands digit of 59637266?
6
What is the thousands digit of 148676686?
6
What is the units digit of 1094998286?
6
What is the tens digit of 113502279?
7
What is the tens digit of 2002869250?
5
What is the thousands digit of 31657082?
7
What is the ten thousands digit of 40629569?
2
What is the hundred millions digit of 401259972?
4
What is the hundred millions digit of 451548968?
4
What is the hundred millions digit of 473451172?
4
What is the ten thousands digit of 186459442?
5
What is the ten thousands digit of 33517957?
1
What is the ten millions digit of 204673307?
0
What is the ten millions digit of 141960506?
4
What is the hundred millions digit of 1350601460?
3
What is the units digit of 4714329084?
4
What is the billions digit of 1485599591?
1
What is the hundred thousands digit of 457211107?
2
What is the hundred thousands digit of 877903384?
9
What is the hundreds digit of 203385595?
5
What is the hundred thousands digit of 40809695?
8
What is the hundreds digit of 161664743?
7
What is the units digit of 96362719?
9
What is the millions digit of 87011908?
7
What is the ten millions digit of 4582839860?
8
What is the ten millions digit of 133875744?
3
What is the units digit of 663237019?
9
What is the hundreds digit of 52267923?
9
What is the millions digit of 750298481?
0
What is the millions digit of 2045016092?
5
What is the hundred millions digit of 642438601?
6
What is the hundred millions digit of 112970867?
1
What is the ten millions digit of 76268095?
7
What is the hundreds digit of 451865226?
2
What is the units digit of 22661082?
2
What is the ten thousands digit of 144869072?
6
What is the tens digit of 20429948?
4
What is the millions digit of 743940137?
3
What is the hundred millions digit of 360845819?
3
What is the ten millions digit of 14505474?
1
What is the billions digit of 1007447452?
1
What is the hundreds digit of 2083885820?
8
What is the ten thousands digit of 157216334?
1
What is the thousands 